{"id":387,"date":"2026-05-01T13:37:48","date_gmt":"2026-05-01T11:37:48","guid":{"rendered":"https:\/\/antikriegkoeln.noblogs.org\/?page_id=387"},"modified":"2026-05-01T13:44:32","modified_gmt":"2026-05-01T11:44:32","slug":"krieg-in-koeln-2","status":"publish","type":"page","link":"https:\/\/antikriegkoeln.noblogs.org\/?page_id=387","title":{"rendered":"Krieg in K\u00f6ln"},"content":{"rendered":"\n<p><a href=\"\/\/umap.openstreetmap.de\/en\/map\/krieg-in-koln_134450?scaleControl=false&amp;miniMap=false&amp;scrollWheelZoom=true&amp;zoomControl=true&amp;editMode=disabled&amp;moreControl=true&amp;searchControl=null&amp;tilelayersControl=null&amp;embedControl=null&amp;datalayersControl=true&amp;onLoadPanel=none&amp;captionBar=false&amp;captionMenus=true\">See full screen<\/a><\/p>\n\n\n\n<p>Auf dieser interaktiven Karte k\u00f6nnt ihr sehen wo sich in K\u00f6ln Kriegstreiber und Profiteure rumtreiben. Schnell werdet ihr feststellen: \u00dcberall! <\/p>\n\n\n\n<p>Ihr habt keinen Bock darauf dass euer Veedel Teil der Militarisierung ist? Dann werdet aktiv gegen Krieg und Krise:<\/p>\n\n\n\n<p>Kommt zum OTKM jeden ersten Montag im Monat um 19 Uhr im Linken Zentrum in K\u00f6ln Kalk (Neuerburgstra\u00dfe 2).<\/p>\n\n\n\n<p>Au\u00dferdem: Dieses Jahr wird die RheinmetallEntwaffnen Aktionswoche inklusive Camp auch wieder in K\u00f6ln stattfinden also sichert euch den die Daten im Kalender: 01.09. &#8211; 06.09. <\/p>\n\n\n\n<p>KRIEG DEM KRIEG!<\/p>\n\n\n\n<p><\/p>\n\n\n\n<p><\/p>\n","protected":false},"excerpt":{"rendered":"<p>See full screen Auf dieser interaktiven Karte k\u00f6nnt ihr sehen wo sich in K\u00f6ln Kriegstreiber und Profiteure rumtreiben. Schnell werdet ihr feststellen: \u00dcberall! Ihr habt keinen Bock darauf dass euer Veedel Teil der Militarisierung ist? Dann werdet aktiv gegen Krieg und Krise: Kommt zum OTKM jeden ersten Montag im Monat um 19 Uhr im Linken [&hellip;]<\/p>\n","protected":false},"author":19740,"featured_media":0,"parent":0,"menu_order":0,"comment_status":"closed","ping_status":"closed","template":"","meta":{"footnotes":""},"class_list":["post-387","page","type-page","status-publish","hentry"],"_links":{"self":[{"href":"https:\/\/antikriegkoeln.noblogs.org\/index.php?rest_route=\/wp\/v2\/pages\/387","targetHints":{"allow":["GET"]}}],"collection":[{"href":"https:\/\/antikriegkoeln.noblogs.org\/index.php?rest_route=\/wp\/v2\/pages"}],"about":[{"href":"https:\/\/antikriegkoeln.noblogs.org\/index.php?rest_route=\/wp\/v2\/types\/page"}],"author":[{"embeddable":true,"href":"https:\/\/antikriegkoeln.noblogs.org\/index.php?rest_route=\/wp\/v2\/users\/19740"}],"replies":[{"embeddable":true,"href":"https:\/\/antikriegkoeln.noblogs.org\/index.php?rest_route=%2Fwp%2Fv2%2Fcomments&post=387"}],"version-history":[{"count":2,"href":"https:\/\/antikriegkoeln.noblogs.org\/index.php?rest_route=\/wp\/v2\/pages\/387\/revisions"}],"predecessor-version":[{"id":392,"href":"https:\/\/antikriegkoeln.noblogs.org\/index.php?rest_route=\/wp\/v2\/pages\/387\/revisions\/392"}],"wp:attachment":[{"href":"https:\/\/antikriegkoeln.noblogs.org\/index.php?rest_route=%2Fwp%2Fv2%2Fmedia&parent=387"}],"curies":[{"name":"wp","href":"https:\/\/api.w.org\/{rel}","templated":true}]}}

Krieg in Köln

<p><a href="//umap.openstreetmap.de/en/map/krieg-in-koln_134450?scaleControl=false&amp;miniMap=false&amp;scrollWheelZoom=true&amp;zoomControl=true&amp;editMode=disabled&amp;moreControl=true&amp;searchControl=null&amp;tilelayersControl=null&amp;embedControl=null&amp;datalayersControl=true&amp;onLoadPanel=none&amp;captionBar=false&amp;captionMenus=true">See full screen</a></p>



<p>Auf dieser interaktiven Karte könnt ihr sehen wo sich in Köln Kriegstreiber und Profiteure rumtreiben. Schnell werdet ihr feststellen: Überall! </p>



<p>Ihr habt keinen Bock darauf dass euer Veedel Teil der Militarisierung ist? Dann werdet aktiv gegen Krieg und Krise:</p>



<p>Kommt zum OTKM jeden ersten Montag im Monat um 19 Uhr im Linken Zentrum in Köln Kalk (Neuerburgstraße 2).</p>



<p>Außerdem: Dieses Jahr wird die RheinmetallEntwaffnen Aktionswoche inklusive Camp auch wieder in Köln stattfinden also sichert euch den die Daten im Kalender: 01.09. &#8211; 06.09. </p>



<p>KRIEG DEM KRIEG!</p>



<p></p>



<p></p>

<p>See full screen Auf dieser interaktiven Karte könnt ihr sehen wo sich in Köln Kriegstreiber und Profiteure rumtreiben. Schnell werdet ihr feststellen: Überall! Ihr habt keinen Bock darauf dass euer Veedel Teil der Militarisierung ist? Dann werdet aktiv gegen Krieg und Krise: Kommt zum OTKM jeden ersten Montag im Monat um 19 Uhr im Linken [&hellip;]</p>
